{"id":2499,"date":"2020-01-17T23:55:15","date_gmt":"2020-01-17T21:55:15","guid":{"rendered":"https:\/\/tanjaundmarc.com\/?page_id=2499"},"modified":"2020-01-19T23:42:04","modified_gmt":"2020-01-19T21:42:04","slug":"aa_gaesteinformationen","status":"publish","type":"page","link":"https:\/\/tanjaundmarc.com\/?page_id=2499","title":{"rendered":"AA_G\u00e4steinformationen"},"content":{"rendered":"<p>\n\n\n<!-- section -->\n<section  class=\"wed_section_inner wed_image_bck    wed_section_sml_padding\"  >\n  \n\t\n\n    <div class=\"container text-center\">\n  \n\t\t\t\t<!-- Title -->\n\t\t\t<h2 class=\"wed_section_title\">Hochzeits ABC<\/h2>\n\t\n\t\n\t\n\t<div class=\"fw-row\">\n\t\n\n\n\n\n\n<div class=\"fw-col-xs-12 fw-col-sm-6   wed_image_bck   wed_col\"  >\n\t\n\t\n\t    \n        <div class=\"  \">\t\n\t\t\n\n<div class=\"text_block\">\n<h4 style=\"text-align: center;\">A<\/h4><p style=\"text-align: center;\">All you need is Love.<br \/>Ansprechpartner sind unsere Zeremonienmeisterin Carina und unsere Trauzeugen Simone und Matthias. <a href=\"https:\/\/tanjaundmarc.com\/?page_id=2406\">Hier<\/a> k\u00f6nnt ihr sie erreichen.<\/p><h4 style=\"text-align: center;\">B<\/h4><p style=\"text-align: center;\">Brautentf\u00fchrung m\u00f6chten wir nicht auf unserer Hochzeit.<\/p><h4 style=\"text-align: center;\">C<\/h4><p style=\"text-align: center;\">Champagner, Creme und Wei\u00df: Sind die Farben der Braut.<br \/>Can't stop loving you - aus diesem Grund feiern wir!<\/p><h4 style=\"text-align: center;\">D<\/h4><p style=\"text-align: center;\">Danken m\u00f6chten wir euch allen jetzt schon von Herzen!<\/p><h4 style=\"text-align: center;\">E<\/h4><p style=\"text-align: center;\">Essen und Trinken: Daf\u00fcr ist gesorgt.<\/p><h4 style=\"text-align: center;\">F<\/h4><p style=\"text-align: center;\">Fotos d\u00fcrfen gerne gemacht werden. Allerdings bitten wir euch vor und vor allem w\u00e4hrend der freien Trauung darauf zu verzichten! Wir haben eine tolle Fotografin die alles festh\u00e4lt.<br \/>Fu\u00dfball-Europameisterschaft: Leider konnte die UEFA das an diesem Tag stattfindende Spiel, Portugal vs. Deutschland, nicht mehr verschieben. Es wird aber eine gegenseitige Live-Berichterstattung auf Augenh\u00f6he angestrebt \ud83d\ude09<\/p><h4 style=\"text-align: center;\">G<\/h4><p style=\"text-align: center;\">Geschenke werden erst am Tag nach der Feier in Ruhe ausgepackt.<br \/>G\u00e4stebuch: Haben wir auch - \u00fcberlegt Euch gerne vorher was Ihr hinein schreiben wollt.<\/p><h4 style=\"text-align: center;\">H<\/h4><p style=\"text-align: center;\">Hochzeitstorte wird es nat\u00fcrlich auch geben - als Dessert.<\/p><h4 style=\"text-align: center;\">I<\/h4><p style=\"text-align: center;\">Intoleranzen bei Lebensmitteln oder Allergien meldet uns bitte rechtzeitig.<\/p><h4 style=\"text-align: center;\">J<\/h4><p style=\"text-align: center;\">Ja ist das Wort des Tages.<\/p><h4 style=\"text-align: center;\">K<\/h4><p style=\"text-align: center;\">Kinder sind nat\u00fcrlich auch herzlich eingeladen.<\/p><h4 style=\"text-align: center;\">L<\/h4><p style=\"text-align: center;\">Lustig wird es werden.<br \/>Liebe wird den ganzen Tag zu sp\u00fcren sein.<br \/>Lampions und Luftballons werden der Umwelt zuliebe nicht steigen gelassen.<\/p><h4 style=\"text-align: center;\">M<\/h4><p style=\"text-align: center;\">Musik wird es nat\u00fcrlich geben! Unser DJ nimmt gerne pers\u00f6nliche Musikw\u00fcnsche entgegen.<\/p><\/div>    <\/div>\n        \n\t\n<\/div>\n\n\n\n\n\n\n<div class=\"fw-col-xs-12 fw-col-sm-6   wed_image_bck   wed_col\"  >\n\t\n\t\n\t    \n        <div class=\"  \">\t\n\t\t\n\n<div class=\"text_block\">\n<h4 style=\"text-align: center;\">N<\/h4><p style=\"text-align: center;\">Niemand wird an diesem Tag verhungern m\u00fcssen.<\/p><h4 style=\"text-align: center;\">O<\/h4><p style=\"text-align: center;\">Open End - Wir m\u00f6chten so lange wie m\u00f6glich unseren Tag mit Euch feiern.<br \/>Organisatorisch werden wir von unserer Zeremonienmeisterin und den Trauzeugen unterst\u00fctzt.<\/p><h4 style=\"text-align: center;\">P<\/h4><p style=\"text-align: center;\">Parkpl\u00e4tze gibt es\u00a0 ausreichend direkt an der Location.<\/p><h4 style=\"text-align: center;\">Q<\/h4><p style=\"text-align: center;\">Qualifiziert haben wir uns bereits f\u00fcr die Ehe.<\/p><h4 style=\"text-align: center;\">R<\/h4><p style=\"text-align: center;\">Rauchen ist im Au\u00dfenbereich m\u00f6glich.<br \/>R\u00fcckmeldung erwarten wir bis zum 15.02.2020.<br \/>Reden d\u00fcrfen gerne, nach vorheriger Abstimmung mit unserer\u00a0 Zeremonienmeisterin oder den Trauzeugen, gehalten werden.<br \/>Reis wird gegessen, nicht geworfen.<\/p><h4 style=\"text-align: center;\">S<\/h4><p style=\"text-align: center;\">Spiele und kreative Beitr\u00e4ge sind prinzipiell willkommen, d\u00fcrfen aber nicht peinlich sein! Besprecht diese bitte im Vorfeld mit unseren <a href=\"https:\/\/tanjaundmarc.com\/?page_id=2406\">Trauzeugen<\/a>, damit es nicht zu b\u00f6sen \u00dcberraschungen kommt.<br \/>Smartphones kann man lautlos stellen.<\/p><h4 style=\"text-align: center;\">T<\/h4><p style=\"text-align: center;\">Tischordnung gilt nur f\u00fcr das Essen. Danach k\u00f6nnt ihr sitzen, wie ihr m\u00f6chtet.<br \/>Tanzen ist ausdr\u00fccklich erw\u00fcnscht!<\/p><h4 style=\"text-align: center;\">U<\/h4><p style=\"text-align: center;\">Unser Sparschwein freut sich darauf gef\u00fcttert zu werden.<\/p><h4 style=\"text-align: center;\">V<\/h4><p style=\"text-align: center;\">Vergessen haben wir hoffentlich nichts.<br \/>Veganer und Vegetarier - Bitte bei Zusage anmerken!<\/p><h4 style=\"text-align: center;\">W<\/h4><p style=\"text-align: center;\">Wir freuen uns auf Euch.<\/p><h4 style=\"text-align: center;\">X<\/h4><p style=\"text-align: center;\">X-beliebig soll eure Kleidung nicht sein, daf\u00fcr aber fein.<br \/>X-Beine sind kein Grund um nicht zu Tanzen!<\/p><h4 style=\"text-align: center;\">Y<\/h4><p style=\"text-align: center;\">Yes, wir trauen uns nochmal!<\/p><h4 style=\"text-align: center;\">Z<\/h4><p style=\"text-align: center;\">Zimmer sind f\u00fcr euch auf dem Hofgut reserviert. Bitte bucht diese <a href=\"https:\/\/tanjaundmarc.com\/?page_id=2520\">hier<\/a> selbst mit dem Stichwort \"Hochzeit Schmitz\".<br \/>Zum Schluss w\u00fcnschen wir uns allen einen sch\u00f6nen und unvergesslichen Tag!<\/p><\/div>    <\/div>\n        \n\t\n<\/div>\n<\/div>\n\n      \n  <\/div>          \n  <!-- container end -->\n<\/section>\n<!-- section end -->\n\n\n\n\n<!-- section -->\n<section  class=\"wed_section_inner wed_image_bck  wed_fixed  wed_section_sml_padding\"  data-stellar-background-ratio=\"0.2\">\n  \n\t\n\n    <div class=\"container text-center\">\n  \n\t\t\t\t<!-- Title -->\n\t\t\t<h2 class=\"wed_section_title\">Dresscode<\/h2>\n\t\n\t\n\t\n\t<div class=\"fw-row\">\n\t\n\n\n\n\n\n<div class=\"fw-col-xs-12   wed_image_bck   wed_col\"  >\n\t\n\t\n\t    \n        <div class=\"  \">\t\n\t\t\n\n<div class=\"text_block\">\n<p>Wir machen uns am Abend fein, festlich und schick sollt auch Ihr sein! F\u00fchlt euch gern wohl von Kopf bis Bein, doch den Jogger lasst bitte daheim.<\/p><\/div>    <\/div>\n        \n\t\n<\/div>\n<\/div>\n\n      \n  <\/div>          \n  <!-- container end -->\n<\/section>\n<!-- section end -->\n\n\n\n\n<!-- section -->\n<section  class=\"wed_section_inner wed_image_bck  wed_fixed  wed_section_sml_padding\"  data-stellar-background-ratio=\"0.2\">\n  \n\t\n\n    <div class=\"container text-center\">\n  \n\t\t\t\t<!-- Title -->\n\t\t\t<h2 class=\"wed_section_title\">Anreise \/ Parkpl\u00e4tze<\/h2>\n\t\n\t\n\t\n\t<div class=\"fw-row\">\n\t\n\n\n\n\n\n<div class=\"fw-col-xs-12   wed_image_bck   wed_col\"  >\n\t\n\t\n\t    \n        <div class=\"  \">\t\n\t\t\n\n<div class=\"text_block\">\n<p>Wir feiern auf einem idyllisch gelegen Hofgut inmitten des Taunus. Durch diese traumhafte Lage ist die Location leider nicht mit der Bahn direkt zu erreichen, weshalb wir die Anreise mit dem PKW empfehlen.<\/p><p>Kostenfreie und sichere Parkpl\u00e4tze sind hier ausreichend vorhanden.<\/p><p><a href=\"https:\/\/www.hofgut-georgenthal.de\/anfahrt\/\" target=\"_blank\" rel=\"noopener\"><img class=\"alignnone wp-image-2452 size-full\" src=\"https:\/\/tanjaundmarc.com\/wp-content\/uploads\/2020\/01\/google_32.png\" alt=\"\" width=\"32\" height=\"32\" \/><\/a><\/p><\/div>    <\/div>\n        \n\t\n<\/div>\n<\/div>\n\n      \n  <\/div>          \n  <!-- container end -->\n<\/section>\n<!-- section end -->\n\n\n\n\n<!-- section -->\n<section  class=\"wed_section_inner wed_image_bck  wed_fixed  wed_section_sml_padding\"  data-stellar-background-ratio=\"0.2\">\n  \n\t\n\n    <div class=\"container text-center\">\n  \n\t\t\t\t<!-- Title -->\n\t\t\t<h2 class=\"wed_section_title\">W\u00fcnsche \/ Hochzeitstisch<\/h2>\n\t\n\t\n\t\n\t<div class=\"fw-row\">\n\t\n\n\n\n\n\n<div class=\"fw-col-xs-12   wed_image_bck   wed_col\"  >\n\t\n\t\n\t    \n        <div class=\"  \">\t\n\t\t\n\n<div class=\"text_block\">\n<p>Wir m\u00f6chten nicht, dass ihr euch plagt<br \/>und schwer an den Geschenken tragt.<br \/>Darum bitten wir, macht es euch leicht,<br \/>ein Beitrag f\u00fcr das Sparschwein reicht.<\/p><\/div>    <\/div>\n        \n\t\n<\/div>\n<\/div>\n\n      \n  <\/div>          \n  <!-- container end -->\n<\/section>\n<!-- section end -->\n\n<\/p>\n","protected":false},"excerpt":{"rendered":"<p>Hochzeits ABC AAll you need is Love.Ansprechpartner sind unsere Zeremonienmeisterin Carina und unsere Trauzeugen Simone und Matthias. Hier k\u00f6nnt ihr sie erreichen.BBrautentf\u00fchrung m\u00f6chten wir nicht auf unserer Hochzeit.CChampagner, Creme und Wei\u00df: Sind die Farben der Braut.Can&#8217;t stop loving you &#8211; aus diesem Grund feiern wir!DDanken m\u00f6chten wir euch allen jetzt schon von Herzen!EEssen und Trinken: [&hellip;]<\/p>\n","protected":false},"author":1,"featured_media":0,"parent":0,"menu_order":0,"comment_status":"closed","ping_status":"closed","template":"template-one-page.php","meta":[],"_links":{"self":[{"href":"https:\/\/tanjaundmarc.com\/index.php?rest_route=\/wp\/v2\/pages\/2499"}],"collection":[{"href":"https:\/\/tanjaundmarc.com\/index.php?rest_route=\/wp\/v2\/pages"}],"about":[{"href":"https:\/\/tanjaundmarc.com\/index.php?rest_route=\/wp\/v2\/types\/page"}],"author":[{"embeddable":true,"href":"https:\/\/tanjaundmarc.com\/index.php?rest_route=\/wp\/v2\/users\/1"}],"replies":[{"embeddable":true,"href":"https:\/\/tanjaundmarc.com\/index.php?rest_route=%2Fwp%2Fv2%2Fcomments&post=2499"}],"version-history":[{"count":17,"href":"https:\/\/tanjaundmarc.com\/index.php?rest_route=\/wp\/v2\/pages\/2499\/revisions"}],"predecessor-version":[{"id":2610,"href":"https:\/\/tanjaundmarc.com\/index.php?rest_route=\/wp\/v2\/pages\/2499\/revisions\/2610"}],"wp:attachment":[{"href":"https:\/\/tanjaundmarc.com\/index.php?rest_route=%2Fwp%2Fv2%2Fmedia&parent=2499"}],"curies":[{"name":"wp","href":"https:\/\/api.w.org\/{rel}","templated":true}]}}